 1).
-2
What is the value of (6 - 6) + (0 - -3)?
3
Evaluate 19 - (-6 + 6 - -11).
8
What is the value of -1 + -6 + -4 + 12?
1
Evaluate -9 + (9 - 7) + 7.
0
Evaluate (7 - (-9 + 17)) + -3 + 1.
-3
Evaluate 0 + 9 + -8 + 0 + 4.
5
Evaluate 18 + -19 + (1 - -1).
1
Evaluate -10 + 3 + 0 - (12 - 12).
-7
What is the value of -10 + 6 + 1 + -3?
-6
Calculate (-1 - -3 - -2) + -1 - 0.
3
Calculate -2 + (-4 - 7) + 1 + 6.
-6
What is the value of -1 - (-2 - (-1 - -5))?
5
Calculate (3 - 6) + (-6 - (-1 - -1)).
-9
What is (4 - (12 + -3)) + 0?
-5
-6 - (-2 + -4 + -1 - 0)
1
Evaluate -1 + -2 + 12 + -3.
6
Calculate 1 + (4 + -6 - -4).
3
What is (-4 - -2) + (0 - 11 - -11)?
-2
Evaluate 2 + -4 + 3 + 1 + -2.
0
Evaluate (12 + -8 - -4) + -9.
-1
Calculate -14 - (-12 - (11 + -18)).
-9
Calculate -6 + (-1 + -4 - -2) + 5.
-4
Evaluate -4 + -1 + 6 + -6.
-5
What is 4 - ((10 - 4) + -2 + -1)?
1
Evaluate -4 + 2 - (3 - 1).
-4
Evaluate 2 + -5 - (-28 + 13 + 13).
-1
Calculate (6 - -1) + 17 + -20.
4
4 + (-2 - (3 - -3)) + 0
-4
What is the value of 0 - -9 - (5 - 3 - 0)?
7
What is the value of 3 - (1 - (-4 - 2))?
-4
What is the value of 4 + 0 + -4 - (7 + -12)?
5
What is the value of -3 - 0 - -8 - -1 - 3?
3
7 - -12 - 19 - (1 - 5)
4
Calculate -15 + 7 + (1 + 14 - 4).
3
19 - 3 - (9 - (-10 - -13))
10
What is (1 - 4) + (4 - (8 - 5))?
-2
What is 6 + (-2 - (-2 - (-7 - -4)))?
3
-4 - (3 - (-4 - -16))
5
What is the value of 2 - 0 - ((-2 - -1) + 7)?
-4
What is -12 - (-1 + -9 + 3)?
-5
-2 - (2 + 0) - 2 - -1
-5
-3 - -6 - (-2 + 0)
5
What is -2 + (-4 - -5) - -2?
1
Calculate (-7 + 3 - -10 - 5) + 4.
5
Evaluate ((-1 - -4) + -4 - 2) + 2.
-1
What is the value of 0 + -3 - ((-4 - -7) + 0)?
-6
What is 6 + -2 - (-5 - -6 - -1)?
2
(-8 - -8) + -4 - -1 - 1
-4
(4 - -3) + (-17 - -6)
-4
Calculate 6 + (2 - (5 + 5)).
-2
Calculate -5 + -2 + 21 + -18.
-4
What is -6 - (-4 + 7 - 0) - -6?
-3
-7 + 7 + -4 + 2
-2
What is the value of 2 + -1 - (-3 - -6 - -3)?
-5
Evaluate -29 + 24 - (-1 - -1).
-5
What is the value of 6 + -3 - (7 + 7 + -12)?
1
What is -6 + 2 + (-1 - 8 - -8)?
-5
Calculate -5 - (5 - (-2 + 2 - -4)).
-6
What is the value of 5 - (0 + 2 + 0 + 1)?
2
-3 - -1 - -2 - 2
-2
What is the value of -4 + -7 + 5 + -1?
-7
What is (-2 - -2) + 5 + -24 + 12?
-7
Calculate (6 - (-7 + 5)) + -13.
-5
-1 + 1 + 3 + -5
-2
Evaluate 4 + 2 + -4 - (0 - 3).
5
What is the value of 9 - (7 + (-7 - -5) + -1)?
5
Evaluate 8 + -6 + -1 - (0 + -3).
4
What is the value of -11 - 0 - (-50 + 38)?
1
Calculate (1 + -2 - 2) + 7 + -2.
2
What is 7 - -1 - (10 + -2 - 3)?
3
2 - (1 + -4 + 6)
-1
Calculate (-2 - -3) + (-7 - (-2 + -2)).
-2
Calculate 2 + -8 + -12 + (-2 - -10).
-10
Calculate 6 + 2 - 4 - 8.
-4
Calculate 0 + (-1 - (2 + 0)).
-3
What is the value of 12 + -34 + 16 - (0 + 0)?
-6
What is ((-4 - -3) + -1 - -2) + 2?
2
Calculate 1 - (8 + (2 - (10 + -3))).
-2
Calculate 6 + (-2 - -2 - (15 + -13)).
4
What is 4 + (0 - (-1 - 0 - -2))?
3
(3 - 6) + 5 - -3
5
What is the value of 1 - (0 - (-8 + 9))?
2
What is 17 - 6 - ((1 - -2) + 3)?
5
Calculate (-3 + (1 - -1) - -4) + -6.
-3
What is -2 + 0 + -3 + -24 + 32?
3
What is the value of 0 - ((6 - 12) + 5)?
1
Evaluate -3 + (1 - -9 - (12 - 10)).
5
Evaluate 5 - (-3 + (-3 - -10)).
1
Calculate (8 - -2 - 12) + 4.
2
Calculate 0 - (-3 - (1 - (-2 - -1))).
5
-6 - 5 - (-11 - -1)
-1
What is -7 + (-4 - -9) + -2?
-4
What is -10 + 0 - (-17 + 13 + 0)?
-6
Calculate (2 - 0) + 0 + -1 + -1.
0
Evaluate 0 + 0 - (4 + -2 + -4).
2
Evaluate (-16 - -2) + (23 - 13).
-4
Evaluate 5 + (5 - -3) + -1 + -22.
-10
Evaluate 1 + 16 + -14 + 4.
7
What is 348 + -362 + (0 - 0) + 5?
-9
What is the value of (8 - (30 - 13)) + 12?
3
What is the value of 0 + (4 + -3 - -2)?
3
Evaluate -1 - (-3 + -4 + 3) - 6.
-3
What is (-4 - 2) + 2 - -5?
1
Evaluate 0 + (-11 - -7) + -2.
-6
Evaluate -6 + 7 + (-4 - -5) - -2.
4
Evaluate -1 - (-4 - -6) - -3.
0
-7 + 0 + (1 - -5)
-1
What is (-9 + 36 - 12) + -4?
11
Calculate 1 + (-4 - -1) + 2 + -2.
-2
-3 + (-9 - -7) - -4
-1
Evaluate 9 + 1 + -1 - 2.
7
(66 - 55) + 2 + -21
-8
What is the value of -5 - (1 + -7 + 4)?
-3
(-7 - (3 - 3) - -2) + 0
-5
What is the value of 1 + 13 - (-56 + 69)?
1
What is the value of -2 - 1 - (2 - 10)?
5
What is 0 - -2 - (0 + (1 - -2))?
-1
Calculate -5 - (-2 + -1 - (-19 - -20)).
-1
11 + (0 + 0 - (6 - 1))
6
(13 - (-6 + 29)) + -1 + 3
-8
Calculate 12 - ((4 - -1) + -3) - 4.
6
What is -4 - (7 + -8 + 4)?
-7
What is 1 + -4 + 0 - -3?
0
Evaluate 4 - (-2 - (-3 - 0)).
3
(-42 - -48) + 1 + -5
2
(1 - (-5 - -8)) + 14 - 4
8
-8 - (1 + 2 + -8)
-3
(7 - 9) + -1 + 6 - -2
5
Evaluate (3 - 3) + (4 + -3 - 3).
-2
(-2 - (4 - 2)) + 7 + -2
1
Calculate 12 + -8 - -1 - (9 + -2).
-2
What is the value of -3 + 7 + -4 - 3?
-3
Calculate 6 + (4 - (4 + 2)).
4
Evaluate 6 - (-1 + (-2 - (-6 + 2))).
5
Evaluate -7 - 3 - (13 + -23).
0
Evaluate -2 + 0 + 0 - (-6 - -8).
-4
Calculate -12 - (-15 + 7) - (5 - 1).
-8
Calculate -3 - (6 - (8 - (2 - -3))).
-6
Calculate -16 - -17 - (3 - (12 - 4)).
6
Evaluate -4 + 2 + 5 - (0 + -4).
7
What is the value of -1 + 3 - (15 - 4 - 4)?
-5
-2 + 2 + (2 + 2 - 2)
2
What is the value of -1 + 1 - (1 - (-1 - 2))?
-4
Evaluate 1 - (-2 + (1 - (-3 + 0))).
-1
What is the value of 3 + (-4 - 5 - -4)?
-2
Evaluate 12 + (-2 - 4 - 1).
5
What is 8 + 2 - (0 + 4)?
6
Calculate (-4 - -2) + 2 - -2.
2
Calculate (0 - (-2 - -8)) + 9.
3
What is 10 + ((-3 - 3) + 5 - -1)?
10
0 + 0 + 7 + -7
0
Calculate 6 + -13 + -2 + 7 + 3.
1
What is (1 - 6 - 5) + (-7 - -12)?
-5
What is the value of (-3 - -12 - 9) + 5?
5
Calculate (-3 - -1) + -2 - (2 - 2).
-4
1 - 10 - (-75 - -71)
-5
Calculate 1 - ((-1 - -1) + 0).
1
Evaluate -1 + -5 - (0 - -1 - 4).
-3
Evaluate 1 + -6 + -84 + 78.
-11
What is -6 + (-4 + 9 - 5)?
-6
What is the value of 7 + -8 + 6 + 4 + 0?
9
Evaluate (-7 - -9 - 4) + 2.
0
Evaluate 6 + -1 + -10 + 9 - 5.
-1
3 - (-5 + (8 - 1 - -3))
-2
What is the value of 3 - (-7 + 4 + 3)?
3
Calculate (13 + 2 - 7) + -14.
-6
What is -3 + 1 + 0 + (-1 - -4)?
1
Evaluate (5 - (22 + -7)) + 8.
-2
Evaluate 10 + -9 + (-2 - 0) - -3.
2
Calculate 6 - (-3 + 10 + -5).
4
What is the value of 4 + (4 - 10) + 7?
5
8 + 7 + -15 - 10
-10
2 + -1 - (3 + 4 + -4)
-2
-1 + -4 + -20 + 28 + -10
-7
What is 5 + (-3 - (-2 - -3)) + -8?
-7
What is the value of 1 - (-2 + 0) - (2 + 1)?
0
What is 6 + (6 - 17) + 6?
1
3 - (3 + (-1 - 2))
3
What is the value of -3 + 4 + 4 + -3?
2
Calculate (-1 - 0) + (-8 + 3 - 0).
-6
Evaluate (10 - 4 - 3) + -1.
2
Evaluate -11 + 9 - -11 - 15.
-6
Calculate -2 - (1 + -4 + 5 + -3).
-1
What is the value of 4 + -1 + 2 - 0?
5
What is 3 - (4 + 0 + 3)?
-4
What is the value of -12 + (14 - 4) - (1 + 2)?
-5
What is the value of -2 + -1 + (0 - 1)?
-4
1 + -4 + -5 + 7 - -1
0
Evaluate (-2 - -2) + (-9 - -13).
4
Evaluate (-2 - -8) + -4 + 2.
4
5 + -5 + -10 + 6
-4
What is -4 + 2 + 3 - -2 - 0?
3
-8 - -4 - (0 + -2)
-2
1 + 3 + -1 + -2 + 5
6
What is -7 - ((3 - 5) + -6)?
1
What is 0 - (3 + -8 - -7 - 6)?
4
-1 + (6 - 8) + -1 + 2
-2
Evaluate (9 - 6 - 10) + 5.
-2
Evaluate -11 + -11 + 4 + 10.
-8
Calculate (-95 - -99) + (-8 - 0).
-4
Evaluate 4 + -6 - (0 - -1 - 4).
1
1 - (-6 + 4) - (-1 + -1)
5
Calculate 6 + 1 + (10 - (1 + 8)).
8
Calculate -14 - 1 - (118 - 129).
-4
Calculate -8 + 21 - 6 - 4.
3
(-3 - (-1 + 2)) + -54 + 58
0
17 + 2 + -9 + -8
2
6 + 13 + (12 - 35)
-4
Evaluate -16 + 11 - (-2 - (-6 + 3)).
-6
What is 0 + -3 + 10 + -2?
5
What is 6 + ((-14 - -7) + 7 - 12)?
-6
-21 + -13 + (-5 - -28)
-11
Calculate 4 + (6 - 6) + (-3 - -2).
3
What is the value of 12 - 11 - 10 - -9?
0
(0 - 3) + 8 - (0 + -3)
8
What is -2 - (3 - 0 - 4)?
-1
-5 + 2 + (0 - 0) + 1
-2
Calculate -6 - -9 - (19 - 8).
-8
What is the value of -1 + (-14 - -16 - (0 + 1))?
0
Evaluate 1 - -1 - (12 + -7).
-3
What is the value of 1 + -3 + -4 + 7?
1
Evaluate 6 + (0 - 6) + 3.
3
Calculate (4 - 6) + (-4 - -8).
2
-1 + -4 + (-6 - -7)
-4
Calculate (2 - (-2 + 2)) + 0 + 3.
5
Evaluate -4 + (0 - -3) - 2.
-3
-21 + 18 + (2 - 1) + 2
0
What is the value of 0 + 4 + 3 - (-7 - -11)?
3
(-1 - 1) + 1 + 4 + -5
-2
Evaluate 1 - (-4 + 9 + -7) - 9.
-6
What is 4 - ((-5 - -2) + (-1 - -1))?
7
What is -1 + 2 + (2 - -2) + -1?
4
Evaluate 6 - 5 - (-6 - -4).
3
What is 11 + -4 + -5 + -1 + -1?
0
3 - -2 - (-6 + -6 + 19)
-2
Calculate 4 + 4 + -8 + -5.
-5
What is the value of -3 + -3 + 8 - (-1 - -1)?
2
Evaluate (1 - 4) + -10 + 9.
-4
Evaluate 0 - (2 - (-3 + 7 + -2)).
0
Evaluate -4 + -10 + 6 + 13.
5
Calculate 8 + (-2 - -2 - 6) + 0.
2
What is 5 